{"id":889,"date":"2022-05-09T17:24:05","date_gmt":"2022-05-09T17:24:05","guid":{"rendered":"https:\/\/kalosolar-bizep.hu\/?page_id=889"},"modified":"2022-06-06T13:43:58","modified_gmt":"2022-06-06T13:43:58","slug":"aktualitasok","status":"publish","type":"page","link":"https:\/\/kalosolar-bizep.hu\/index.php\/aktualitasok\/","title":{"rendered":"C\u00e9gismertet\u0151"},"content":{"rendered":"\n<div class=\"wp-block-group\"><div class=\"wp-block-group__inner-container is-layout-flow wp-block-group-is-layout-flow\">\n<div class=\"wp-block-group\"><div class=\"wp-block-group__inner-container is-layout-flow wp-block-group-is-layout-flow\">\n<div class=\"wp-block-group alignfull\"><div class=\"wp-block-group__inner-container is-layout-flow wp-block-group-is-layout-flow\">\n<h2 class=\"wp-block-heading\">Tev\u00e9kenys\u00e9gek<\/h2>\n\n\n\n<div class=\"wp-block-group is-vertical is-layout-flex wp-container-core-group-is-layout-8cf370e7 wp-block-group-is-layout-flex\">\n<p>Napelemek komplex kivitelez\u00e9se anyagbeszerz\u00e9ssel.<\/p>\n\n\n\n<p>Villanyszerel\u00e9s teljes kivitelez\u00e9ssel.<\/p>\n\n\n\n<p>Tet\u0151szerkezetek k\u00e9sz\u00edt\u00e9se, fel\u00faj\u00edt\u00e1sa.<\/p>\n\n\n\n<p>Fut\u00f3 p\u00e1ly\u00e1zatok nyomonk\u00f6vet\u00e9se, meg\u00edr\u00e1sa, hitel eset\u00e9n teljesk\u00f6r\u0171 banki \u00fcgyint\u00e9z\u00e9s a Kalocs\u00e1n m\u0171k\u00f6d\u0151 bankokn\u00e1l.<\/p>\n<\/div>\n<\/div><\/div>\n<\/div><\/div>\n\n\n\n<div class=\"wp-block-group\"><div class=\"wp-block-group__inner-container is-layout-flow wp-block-group-is-layout-flow\"><\/div><\/div>\n\n\n\n<div class=\"wp-block-group\"><div class=\"wp-block-group__inner-container is-layout-flow wp-block-group-is-layout-flow\"><\/div><\/div>\n<\/div><\/div>\n","protected":false},"excerpt":{"rendered":"<p>Tev\u00e9kenys\u00e9gek Napelemek komplex kivitelez\u00e9se anyagbeszerz\u00e9ssel. Villanyszerel\u00e9s teljes kivitelez\u00e9ssel. Tet\u0151szerkezetek k\u00e9sz\u00edt\u00e9se, fel\u00faj\u00edt\u00e1sa. Fut\u00f3 p\u00e1ly\u00e1zatok nyomonk\u00f6vet\u00e9se, meg\u00edr\u00e1sa, hitel eset\u00e9n teljesk\u00f6r\u0171 banki \u00fcgyint\u00e9z\u00e9s a Kalocs\u00e1n m\u0171k\u00f6d\u0151 bankokn\u00e1l.<\/p>\n","protected":false},"author":1,"featured_media":0,"parent":0,"menu_order":0,"comment_status":"closed","ping_status":"closed","template":"","meta":{"_regular_price":[],"currency_symbol":[],"footnotes":""},"class_list":["post-889","page","type-page","status-publish","hentry"],"post_slider_layout_featured_media_urls":{"thumbnail":"","post_slider_layout_landscape_large":"","post_slider_layout_portrait_large":"","post_slider_layout_square_large":"","post_slider_layout_landscape":"","post_slider_layout_portrait":"","post_slider_layout_square":"","full":""},"_links":{"self":[{"href":"https:\/\/kalosolar-bizep.hu\/index.php\/wp-json\/wp\/v2\/pages\/889","targetHints":{"allow":["GET"]}}],"collection":[{"href":"https:\/\/kalosolar-bizep.hu\/index.php\/wp-json\/wp\/v2\/pages"}],"about":[{"href":"https:\/\/kalosolar-bizep.hu\/index.php\/wp-json\/wp\/v2\/types\/page"}],"author":[{"embeddable":true,"href":"https:\/\/kalosolar-bizep.hu\/index.php\/wp-json\/wp\/v2\/users\/1"}],"replies":[{"embeddable":true,"href":"https:\/\/kalosolar-bizep.hu\/index.php\/wp-json\/wp\/v2\/comments?post=889"}],"version-history":[{"count":4,"href":"https:\/\/kalosolar-bizep.hu\/index.php\/wp-json\/wp\/v2\/pages\/889\/revisions"}],"predecessor-version":[{"id":946,"href":"https:\/\/kalosolar-bizep.hu\/index.php\/wp-json\/wp\/v2\/pages\/889\/revisions\/946"}],"wp:attachment":[{"href":"https:\/\/kalosolar-bizep.hu\/index.php\/wp-json\/wp\/v2\/media?parent=889"}],"curies":[{"name":"wp","href":"https:\/\/api.w.org\/{rel}","templated":true}]}}